{"id":1223,"date":"2023-10-18T14:39:26","date_gmt":"2023-10-18T19:39:26","guid":{"rendered":"http:\/\/carwashmovil.com\/?page_id=1223"},"modified":"2023-10-18T14:52:30","modified_gmt":"2023-10-18T19:52:30","slug":"politica-de-privacidad-y-tratamiento-de-datos","status":"publish","type":"page","link":"https:\/\/carwashmovil.com\/index.php\/politica-de-privacidad-y-tratamiento-de-datos\/","title":{"rendered":"Pol\u00edtica de Privacidad y Tratamiento de datos"},"content":{"rendered":"\n<div class=\"wp-block-uagb-container uagb-block-8332d682 alignfull uagb-is-root-container\"><div class=\"uagb-container-inner-blocks-wrap\">\n<p class=\"has-ast-global-color-4-color has-text-color\">POL\u00cdTICAS DE TRATAMIENTO DE DATOS.<br><strong><em><strong><em>______<\/em><\/strong><\/em><\/strong>.<\/p>\n\n\n\n<p class=\"has-ast-global-color-4-color has-text-color\">Contenido:<\/p>\n\n\n\n<p class=\"has-ast-global-color-4-color has-text-color\">PAG.<\/p>\n\n\n\n<ol start=\"2\" class=\"has-ast-global-color-4-color has-text-color wp-block-list\">\n<li>RESPONSABLE.<br>La ley define al responsable como la persona natural o jur\u00eddica, p\u00fablica o privada, que por s\u00ed<br>misma o en asocio con otros, decida sobre la base de datos y el Tratamiento de los datos,<br>as\u00ed las cosas, el responsable de los datos recolectados y sujetos a la presente pol\u00edtica de<br>tratamiento de datos es la sociedad Soluciones de Mantenimiento Automotriz S.A.S. con NIT<br>9014694320 , domicilio principal en la ciudad de Medell\u00edn en la direcci\u00f3n Calle 30 A No 82 A 26<br>bodega 25, electr\u00f3nico info.spacarwashmovil@gmail.com y tel\u00e9fono 3002285988.<br>En cumplimiento de la ley se le informa al propietario de la informaci\u00f3n (titular) cuales son las<br>obligaciones que la norma obliga al responsable, es decir a nuestra sociedad, de esta manera<br>dichas obligaciones son:<\/li>\n<\/ol>\n\n\n\n<ul class=\"has-ast-global-color-5-color has-text-color wp-block-list\">\n<li>Garantizar al Titular, en todo tiempo, el pleno y efectivo ejercicio del derecho de h\u00e1beas<br>data.<\/li>\n\n\n\n<li>Conservar la informaci\u00f3n bajo las condiciones de seguridad necesarias para impedir su<br>adulteraci\u00f3n, p\u00e9rdida, consulta, uso o acceso no autorizado o fraudulento.<\/li>\n\n\n\n<li>Tramitar las consultas y reclamos formulados en los t\u00e9rminos se\u00f1alados en la presente ley.<\/li>\n\n\n\n<li>Designar a una persona o \u00e1rea dentro de la organizaci\u00f3n empresarial que asuma la funci\u00f3n<br>de protecci\u00f3n de datos personales, que dar\u00e1 tr\u00e1mite a las solicitudes de los Titulares de<br>consultas o reclamos.<\/li>\n\n\n\n<li>Adoptar un manual interno de pol\u00edticas y procedimientos para garantizar el adecuado<br>cumplimiento de la presente ley y en especial, para la atenci\u00f3n de consultas y reclamos.<\/li>\n\n\n\n<li>Informar a la autoridad de protecci\u00f3n de datos cuando se presenten violaciones a los<br>c\u00f3digos de seguridad y existan riesgos en la administraci\u00f3n de la informaci\u00f3n de los<br>Titulares.<\/li>\n\n\n\n<li>Cumplir las instrucciones y requerimientos que imparta la Superintendencia de Industria y<br>Comercio.<\/li>\n\n\n\n<li>Solicitar y conservar, en las condiciones previstas en la presente ley, copia de la respectiva<br>autorizaci\u00f3n otorgada por el Titular.<\/li>\n\n\n\n<li>Informar debidamente al Titular sobre la finalidad de la recolecci\u00f3n y los derechos que le<br>asisten por virtud de la autorizaci\u00f3n otorgada.<\/li>\n\n\n\n<li>Garantizar que la informaci\u00f3n que se suministre al Encargado del Tratamiento sea veraz,<br>completa, exacta, actualizada, comprobable y comprensible.<\/li>\n\n\n\n<li>Actualizar la informaci\u00f3n, comunicando de forma oportuna al Encargado del Tratamiento,<br>todas las novedades respecto de los datos que previamente le haya suministrado y<br>adoptar las dem\u00e1s medidas necesarias para que la informaci\u00f3n suministrada a \u00e9ste se<br>mantenga actualizada.<\/li>\n\n\n\n<li>Rectificar la informaci\u00f3n cuando sea incorrecta y comunicar lo pertinente al Encargado del<br>Tratamiento.<\/li>\n\n\n\n<li>Suministrar al Encargado del Tratamiento, seg\u00fan el caso, \u00fanicamente datos cuyo<br>Tratamiento est\u00e9 previamente autorizado de conformidad con lo previsto en la presente<br>ley.<\/li>\n\n\n\n<li>Exigir al Encargado del Tratamiento en todo momento, el respeto a las condiciones de<br>seguridad y privacidad de la informaci\u00f3n del Titular.<\/li>\n\n\n\n<li>Informar al Encargado del Tratamiento cuando determinada informaci\u00f3n se encuentra en<br>discusi\u00f3n por parte del Titular, una vez se haya presentado la reclamaci\u00f3n y no haya<br>finalizado el tr\u00e1mite respectivo.<\/li>\n\n\n\n<li>Informar a solicitud del Titular sobre el uso dado a sus datos.<\/li>\n<\/ul>\n\n\n\n<ol start=\"2\" class=\"has-ast-global-color-8-color has-text-color wp-block-list\">\n<li>Tratamiento<br>Soluciones de mantenimiento automotriz S.A.S. ha recolectado una serie de datos personales que<br>se encuentran catalogados en bases de datos con el fin de darles un tratamiento diferencial, el<br>cual obedece a la finalidad clara e informada a los propietarios de dicha informaci\u00f3n en el<br>momento de su recolecci\u00f3n mediante una autorizaci\u00f3n de las cuales reposa prueba f\u00edsica y<br>electr\u00f3nica en las instalaciones principales de la organizaci\u00f3n; as\u00ed las cosas, el tratamiento est\u00e1<br>compuesta de las siguientes etapas:<br>\u25cf Recolecci\u00f3n. La recolecci\u00f3n de los datos por parte de Soluciones de mantenimiento<br>automotriz S.A.S. se ha realizado con sujeci\u00f3n a la ley, indic\u00e1ndole al titular que suministra la<br>informaci\u00f3n personal, el tratamiento al cual van a ser sometidos sus datos, sus derechos, la<br>forma en c\u00f3mo puede acceder a las pol\u00edticas y la manera en que puede ejercer sus derechos,<br>as\u00ed las cosas, el responsable ha realizado el debido aviso de privacidad al titular y este \u00faltimo,<br>le ha otorgado a la organizaci\u00f3n su autorizaci\u00f3n para realizar el tratamiento correspondiente;<br>de lo anterior la organizaci\u00f3n empresarial responsable del tratamiento guarda prueba f\u00edsica y<br>electr\u00f3nica en el lugar de almacenamiento.<br>\u25cf Almacenamiento. Los datos recolectados se encuentran almacenados en la nube, en un<br>espacio en la nube (Firebase). Por su parte, los documentos f\u00edsicos que se encuentran<br>almacenados bajo llave en un archivador ubicado en las instalaciones de nuestra oficina en la<br>direcci\u00f3n calle 30 A No. 82 A 26(bodega 25), al interior del Centro Comercial Los Molinos. Las<br>personas que tienen acceso a esta informaci\u00f3n son la auxiliar administrativa y la gerencia.<\/li>\n<\/ol>\n\n\n\n<p class=\"has-ast-global-color-4-color has-text-color\">\u25cf Tratamiento. El tratamiento de cada base de datos est\u00e1 sujeto a la finalidad especifica de las<br>mismas, sin embargo, el responsable no realiza transferencia ni transmisi\u00f3n de los datos<br>personales que se encuentran en las bases de datos.<br>\u25cf Supresi\u00f3n. El responsable suprime toda la informaci\u00f3n personal que se encuentra en las bases<br>de datos cuando dicha informaci\u00f3n, uso de la misma o la finalidad ha variado y no obedece a<br>la autorizaci\u00f3n otorgada por el titular, de igual manera la informaci\u00f3n es suprimida cuando el<br>titular as\u00ed lo requiere por los medios que para tal fin se han destinado en el presente<br>documento.<br>Para el almacenamiento, tratamiento y en general para todos los efectos de la presente pol\u00edtica de<br>datos, las finalidades a las que motivan la recolecci\u00f3n y tratamiento de datos personales,<br>obedecen a la clasificaci\u00f3n de las bases de datos que tiene en su poder el responsable, dichas<br>bases y su finalidad son las siguientes:<br>Base de datos Finalidad<br>Socios<\/p>\n\n\n\n<p class=\"has-ast-global-color-4-color has-text-color\">Identificar plenamente los accionistas de la sociedad, as\u00ed como establecer<br>claramente los lugares de contacto y facilitar la comunicaci\u00f3n con los<\/p>\n\n\n\n<p class=\"has-ast-global-color-4-color has-text-color\">mismos.<\/p>\n\n\n\n<p class=\"has-ast-global-color-4-color has-text-color\">Personal<\/p>\n\n\n\n<p class=\"has-ast-global-color-4-color has-text-color\">Lograr la identificaci\u00f3n completa del aspirante o trabajador para generar los<br>an\u00e1lisis sociodemogr\u00e1ficos, condiciones psicol\u00f3gicas del trabajador para el<br>cargo al que aspira o desempe\u00f1a, facilitar los procesos de gesti\u00f3n, de<br>comunicaciones, citaciones y en general todos los procesos legales que<br>requiere el conocimiento detallado de los datos que se poseen, as\u00ed como<br>dar cabal cumplimiento a las afiliaciones que por ley son obligatorias para<br>con los mismos, as\u00ed como realizar los procesos de gesti\u00f3n interna.<\/p>\n\n\n\n<p class=\"has-ast-global-color-4-color has-text-color\">Contratistas<\/p>\n\n\n\n<p class=\"has-ast-global-color-4-color has-text-color\">Identificaci\u00f3n plena de la persona con la que se tiene una relaci\u00f3n de<br>car\u00e1cter comercial, para efectos de comunicaci\u00f3n, pago, gesti\u00f3n<br>administrativa de colaboradores, consulta y reporte a centrales de riesgo,<\/p>\n\n\n\n<p class=\"has-ast-global-color-4-color has-text-color\">as\u00ed como realizar los procesos de gesti\u00f3n interna<\/p>\n\n\n\n<p class=\"has-ast-global-color-4-color has-text-color\">Proveedores<\/p>\n\n\n\n<p class=\"has-ast-global-color-4-color has-text-color\">Identificaci\u00f3n plena de la persona con la que se tiene una relaci\u00f3n de<br>car\u00e1cter comercial, para efectos de comunicaci\u00f3n, pago, gesti\u00f3n<br>administrativa de colaboradores, consulta y reporte a centrales de riesgo,<\/p>\n\n\n\n<p class=\"has-ast-global-color-4-color has-text-color\">as\u00ed como realizar los procesos de gesti\u00f3n interna<\/p>\n\n\n\n<p class=\"has-ast-global-color-4-color has-text-color\">Clientes<\/p>\n\n\n\n<p class=\"has-ast-global-color-4-color has-text-color\">Identificaci\u00f3n plena de los clientes, realizar gestiones administrativas y de<br>mercadeo, as\u00ed como tener un contacto directo con los clientes; incluir al<br>cliente en temas de mercadeo, entrega de domicilios, publicidades, ofertas<\/p>\n\n\n\n<p class=\"has-ast-global-color-4-color has-text-color\">y rifas.<\/p>\n\n\n\n<ol class=\"wp-block-list\" start=\"4\">\n<li>Derechos del Titular<br>Como titular de los datos personales que se encuentran almacenados y est\u00e1n siendo tratados por<br>el responsable, se le informa que bajo la normatividad para la materia usted cuenta con los<br>siguientes derechos, a los cuales puede acceder de forma gratuita:<br>\u25cf Conocer, actualizar y rectificar sus datos personales frente a los Responsables del Tratamiento<br>o Encargados del Tratamiento. Este derecho se podr\u00e1 ejercer, entre otros frente a datos<\/li>\n<\/ol>\n\n\n\n<p class=\"has-ast-global-color-4-color has-text-color\">parciales, inexactos, incompletos, fraccionados, que induzcan a error, o aquellos cuyo<br>Tratamiento est\u00e9 expresamente prohibido o no haya sido autorizado.<br>\u25cf Solicitar prueba de la autorizaci\u00f3n otorgada al Responsable del Tratamiento salvo cuando<br>expresamente se except\u00faa como requisito para el Tratamiento, de conformidad con lo<br>previsto en el art\u00edculo 10 de la ley 1581 del 2012.<br>\u25cf Ser informado por el Responsable del Tratamiento o el Encargado del Tratamiento, previa<br>solicitud, respecto del uso que les ha dado a sus datos personales.<br>\u25cf Presentar ante la Superintendencia de Industria y Comercio quejas por infracciones a lo<br>dispuesto en la ley y las dem\u00e1s normas que la modifiquen, adicionen o complementen.<br>\u25cf Revocar la autorizaci\u00f3n y\/o solicitar la supresi\u00f3n del dato cuando en el Tratamiento no se<br>respeten los principios, derechos y garant\u00edas constitucionales y legales. La revocatoria y\/o<br>supresi\u00f3n proceder\u00e1 cuando la Superintendencia de Industria y Comercio haya determinado<br>que en el Tratamiento el Responsable o Encargado han incurrido en conductas contrarias a<br>esta ley y a la Constituci\u00f3n.<br>\u25cf Acceder en forma gratuita a sus datos personales que hayan sido objeto de Tratamiento.<\/p>\n\n\n\n<ol class=\"wp-block-list\" start=\"5\">\n<li>Procedimiento para acceder a los derechos.<br>Cualquier persona que desee realizar una consulta a SMA Automotriz S.A.S. o realizar una<br>solicitud, queja o reclamo, puede hacerlo siguiendo los pasos que se le indican a continuaci\u00f3n, se<br>le recuerda a nuestros clientes, proveedores, contratistas, y a nuestro personal que no existe<br>ning\u00fan cobro por realizar estas consultas, es totalmente GRATIS, sin embargo, si desea realizar<br>varias peticiones, consultas o cualquier otro tipo de procedimiento en un t\u00e9rmino inferior a un<br>mes, la expedici\u00f3n de las copias y del env\u00edo ser\u00e1n cobrados.<br>Debes enviar un correo a la direcci\u00f3n: info.spacarwashmovil@gmail.com, donde el l\u00edder del<br>proceso de mercadeo atender\u00e1 con gusto tu consulta, para realizar esta consulta debes aportar lo<br>siguiente:<br>a. Copia de la c\u00e9dula de ciudadan\u00eda, si eres el due\u00f1o de los datos.<br>b. Si la persona due\u00f1a de los datos ha muerto, debes aportar prueba del v\u00ednculo<br>familiar que ten\u00edas con esa persona.<br>c. Si vas a solicitar algo en nombre de otra persona, h\u00e1znoslo saber aportando el<br>poder.<br>Dentro del correo en asunto, inf\u00f3rmanos que procedimiento deseas hacer; existen dos tipos de<br>procedimientos:<\/li>\n\n\n\n<li>Consultas<\/li>\n\n\n\n<li>Peticiones, quejas o reclamos.<br>Si deseas realizar una consulta con respecto a tus datos personales el correo debe contener por lo<br>menos los siguientes elementos:<br>a. La Fecha.<br>b. Nombre completo del due\u00f1o de los datos personales.<br>c. Direcci\u00f3n f\u00edsica o electr\u00f3nica a la cual se pueda enviar la respuesta.<br>d. Quien solicita la informaci\u00f3n. (la cedula, por ejemplo).<br>e. Informaci\u00f3n que desea conocer.<\/li>\n<\/ol>\n\n\n\n<p class=\"has-ast-global-color-4-color has-text-color\">Cuando recibamos el correo, te contestaremos para que sepas que ya lo hemos recibido, y tu<br>consulta ser\u00e1 atendida en un t\u00e9rmino m\u00e1ximo de diez (10) d\u00edas h\u00e1biles contados a partir de la<br>fecha en que la recibimos. Cuando no fuere posible atender la consulta dentro de dicho t\u00e9rmino,<br>se te enviar\u00e1 un correo expresando los motivos de la demora y se\u00f1alando la fecha en que se<br>atenderemos su consulta, la cual en ning\u00fan caso podr\u00e1 superar los cinco (5) d\u00edas h\u00e1biles siguientes<br>al vencimiento del primer t\u00e9rmino.<br>Si lo que deseas hacer es una petici\u00f3n de correcci\u00f3n, actualizaci\u00f3n o supresi\u00f3n debes aportar en el<br>correo lo siguiente:<\/p>\n\n\n\n<ol class=\"wp-block-list\">\n<li>El reclamo va dirigido a la SMA Automotriz S.A.S. y debes informar por lo menos lo<br>siguiente:<br>a. Tu identidad o si act\u00faas a nombre de otra persona,<br>b. Cu\u00e9ntanos los motivos que te llevan realizar la petici\u00f3n,<br>c. la direcci\u00f3n f\u00edsica o electr\u00f3nica donde se podamos dar respuesta, y<br>d. acompa\u00f1ando los documentos que se quiera hacer valer.<\/li>\n\n\n\n<li>Si el reclamo est\u00e1 incompleto, se te avisara dentro de los cinco (5) d\u00edas siguientes a la<br>recepci\u00f3n del correo. Transcurridos dos (2) meses desde la fecha del requerimiento, sin que<br>presentes la informaci\u00f3n requerida, se entender\u00e1 que has desistido del reclamo.<\/li>\n\n\n\n<li>Si tu solicitud o reclamo no tiene que ver con las Bases de Datos, enviaremos tu petici\u00f3n al<br>encargado en dos (2) d\u00edas h\u00e1biles y te contaremos que est\u00e1 sucediendo.<\/li>\n\n\n\n<li>Una vez recibido el reclamo completo, se incluir\u00e1 en la base de datos una nota que dice<br>\u00abreclamo en tr\u00e1mite\u00bb y el motivo del mismo, en un t\u00e9rmino no mayor a dos (2) d\u00edas h\u00e1biles.<\/li>\n\n\n\n<li>El t\u00e9rmino m\u00e1ximo para atender el reclamo ser\u00e1 de quince (15) d\u00edas h\u00e1biles contados a partir<br>del d\u00eda siguiente a la fecha de su recibo. Cuando no fuere posible atender el reclamo dentro de<br>dicho t\u00e9rmino, se te informar\u00e1 los motivos de la demora y la fecha en que se atender\u00e1 tu<br>reclamo, la cual en ning\u00fan caso podr\u00e1 superar los ocho (8) d\u00edas h\u00e1biles siguientes al<br>vencimiento del primer t\u00e9rmino.<\/li>\n\n\n\n<li>Vigencia.<br>Las pol\u00edticas ac\u00e1 presentadas a los titulares entran en vigencia el d\u00eda 1 de enero del a\u00f1o 2017,<br>cualquier modificaci\u00f3n a las mismas ser\u00e1 informada a los titulares de inmediato.<\/li>\n<\/ol>\n\n\n\n<p class=\"has-ast-global-color-4-color has-text-color\">El presente documento se encuentra exhibido en las sedes de los centros comerciales en donde la<br>Empresa tiene presencia y podr\u00e1n ser consultados en los correos electr\u00f3nicos que para tal fin se<br>han dispuesto, de igual manera se encuentra publicado en la p\u00e1gina de internet de la SOCIEDAD<\/p>\n\n\n\n<p class=\"has-ast-global-color-4-color has-text-color\"><blockquote class=\"wp-embedded-content\" data-secret=\"XExkY1lnE3\"><a href=\"https:\/\/carwashmovil.com\/\">Inicio<\/a><\/blockquote><iframe loading=\"lazy\" class=\"wp-embedded-content\" sandbox=\"allow-scripts\" security=\"restricted\" style=\"position: absolute; visibility: hidden;\" title=\"\u00abInicio\u00bb \u2014 CarwashMovil\" src=\"https:\/\/carwashmovil.com\/embed\/#?secret=bk9GBNkJhu#?secret=XExkY1lnE3\" data-secret=\"XExkY1lnE3\" width=\"500\" height=\"282\" frameborder=\"0\" marginwidth=\"0\" marginheight=\"0\" scrolling=\"no\"><\/iframe><\/p>\n\n\n\n<p class=\"has-ast-global-color-4-color has-text-color\">Si no solucionamos tu petici\u00f3n puedes elevar una consulta o reclamo a la Superintendencia de<br>Industria y Comercio, pero antes de ir debes agotar los tr\u00e1mites que te contamos en las hojas<\/p>\n\n\n\n<p class=\"has-ast-global-color-4-color has-text-color\">anteriores.<\/p>\n\n\n\n<p class=\"has-ast-global-color-4-color has-text-color\">SMA Automotriz S.A.S. realiza una actualizaci\u00f3n de datos peri\u00f3dicamente para evitar tener datos<\/p>\n\n\n\n<p class=\"has-ast-global-color-4-color has-text-color\">inexactos.<\/p>\n<\/div><\/div>\n","protected":false},"excerpt":{"rendered":"<p>POL\u00cdTICAS DE TRATAMIENTO DE DATOS.______. Contenido: PAG. \u25cf Tratamiento. El tratamiento de cada base de datos est\u00e1 sujeto a la finalidad especifica de lasmismas, sin embargo, el responsable no realiza transferencia ni transmisi\u00f3n de los datospersonales que se encuentran en las bases de datos.\u25cf Supresi\u00f3n. El responsable suprime toda la informaci\u00f3n personal que se encuentra [&hellip;]<\/p>\n","protected":false},"author":1,"featured_media":0,"parent":0,"menu_order":0,"comment_status":"closed","ping_status":"closed","template":"","meta":{"_uag_custom_page_level_css":"","site-sidebar-layout":"default","site-content-layout":"","ast-site-content-layout":"default","site-content-style":"default","site-sidebar-style":"default","ast-global-header-display":"","ast-banner-title-visibility":"","ast-main-header-display":"","ast-hfb-above-header-display":"","ast-hfb-below-header-display":"","ast-hfb-mobile-header-display":"","site-post-title":"disabled","ast-breadcrumbs-content":"","ast-featured-img":"","footer-sml-layout":"","ast-disable-related-posts":"","theme-transparent-header-meta":"","adv-header-id-meta":"","stick-header-meta":"","header-above-stick-meta":"","header-main-stick-meta":"","header-below-stick-meta":"","astra-migrate-meta-layouts":"set","ast-page-background-enabled":"default","ast-page-background-meta":{"desktop":{"background-color":"var(--ast-global-color-4)","background-image":"","background-repeat":"repeat","background-position":"center center","background-size":"auto","background-attachment":"scroll","background-type":"","background-media":"","overlay-type":"","overlay-color":"","overlay-opacity":"","overlay-gradient":""},"tablet":{"background-color":"","background-image":"","background-repeat":"repeat","background-position":"center center","background-size":"auto","background-attachment":"scroll","background-type":"","background-media":"","overlay-type":"","overlay-color":"","overlay-opacity":"","overlay-gradient":""},"mobile":{"background-color":"","background-image":"","background-repeat":"repeat","background-position":"center center","background-size":"auto","background-attachment":"scroll","background-type":"","background-media":"","overlay-type":"","overlay-color":"","overlay-opacity":"","overlay-gradient":""}},"ast-content-background-meta":{"desktop":{"background-color":"var(--ast-global-color-5)","background-image":"","background-repeat":"repeat","background-position":"center center","background-size":"auto","background-attachment":"scroll","background-type":"","background-media":"","overlay-type":"","overlay-color":"","overlay-opacity":"","overlay-gradient":""},"tablet":{"background-color":"var(--ast-global-color-5)","background-image":"","background-repeat":"repeat","background-position":"center center","background-size":"auto","background-attachment":"scroll","background-type":"","background-media":"","overlay-type":"","overlay-color":"","overlay-opacity":"","overlay-gradient":""},"mobile":{"background-color":"var(--ast-global-color-5)","background-image":"","background-repeat":"repeat","background-position":"center center","background-size":"auto","background-attachment":"scroll","background-type":"","background-media":"","overlay-type":"","overlay-color":"","overlay-opacity":"","overlay-gradient":""}},"footnotes":""},"class_list":["post-1223","page","type-page","status-publish","hentry"],"uagb_featured_image_src":{"full":false,"thumbnail":false,"medium":false,"medium_large":false,"large":false,"1536x1536":false,"2048x2048":false},"uagb_author_info":{"display_name":"sebas21","author_link":"https:\/\/carwashmovil.com\/index.php\/author\/sebas21\/"},"uagb_comment_info":0,"uagb_excerpt":"POL\u00cdTICAS DE TRATAMIENTO DE DATOS.______. Contenido: PAG. \u25cf Tratamiento. El tratamiento de cada base de datos est\u00e1 sujeto a la finalidad especifica de lasmismas, sin embargo, el responsable no realiza transferencia ni transmisi\u00f3n de los datospersonales que se encuentran en las bases de datos.\u25cf Supresi\u00f3n. El responsable suprime toda la informaci\u00f3n personal que se encuentra&hellip;","_links":{"self":[{"href":"https:\/\/carwashmovil.com\/index.php\/wp-json\/wp\/v2\/pages\/1223","targetHints":{"allow":["GET"]}}],"collection":[{"href":"https:\/\/carwashmovil.com\/index.php\/wp-json\/wp\/v2\/pages"}],"about":[{"href":"https:\/\/carwashmovil.com\/index.php\/wp-json\/wp\/v2\/types\/page"}],"author":[{"embeddable":true,"href":"https:\/\/carwashmovil.com\/index.php\/wp-json\/wp\/v2\/users\/1"}],"replies":[{"embeddable":true,"href":"https:\/\/carwashmovil.com\/index.php\/wp-json\/wp\/v2\/comments?post=1223"}],"version-history":[{"count":4,"href":"https:\/\/carwashmovil.com\/index.php\/wp-json\/wp\/v2\/pages\/1223\/revisions"}],"predecessor-version":[{"id":1229,"href":"https:\/\/carwashmovil.com\/index.php\/wp-json\/wp\/v2\/pages\/1223\/revisions\/1229"}],"wp:attachment":[{"href":"https:\/\/carwashmovil.com\/index.php\/wp-json\/wp\/v2\/media?parent=1223"}],"curies":[{"name":"wp","href":"https:\/\/api.w.org\/{rel}","templated":true}]}}